{"version":"1.0","provider_name":"MediaMarkt Magazin","provider_url":"https:\/\/hir.mediamarkt.hu\/magazin","title":"Digit\u00e1lis t\u00fck\u00f6rreflexes f\u00e9nyk\u00e9pez\u0151g\u00e9pek - MediaMarkt Magazin","type":"rich","width":600,"height":338,"html":"<blockquote class=\"wp-embedded-content\" data-secret=\"xhvtpxqt9x\"><a href=\"https:\/\/hir.mediamarkt.hu\/magazin\/digitalis-tukorreflexes-fenykepezogepek\/\">Digit\u00e1lis t\u00fck\u00f6rreflexes f\u00e9nyk\u00e9pez\u0151g\u00e9pek<\/a><\/blockquote><iframe sandbox=\"allow-scripts\" security=\"restricted\" src=\"https:\/\/hir.mediamarkt.hu\/magazin\/digitalis-tukorreflexes-fenykepezogepek\/embed\/#?secret=xhvtpxqt9x\" width=\"600\" height=\"338\" title=\"&#8220;Digit\u00e1lis t\u00fck\u00f6rreflexes f\u00e9nyk\u00e9pez\u0151g\u00e9pek&#8221; &#8212; MediaMarkt Magazin\" data-secret=\"xhvtpxqt9x\" frameborder=\"0\" marginwidth=\"0\" marginheight=\"0\" scrolling=\"no\" class=\"wp-embedded-content\"><\/iframe><script type=\"text\/javascript\">\n\/* <![CDATA[ *\/\n\/*! This file is auto-generated *\/\n!function(d,l){\"use strict\";l.querySelector&&d.addEventListener&&\"undefined\"!=typeof URL&&(d.wp=d.wp||{},d.wp.receiveEmbedMessage||(d.wp.receiveEmbedMessage=function(e){var t=e.data;if((t||t.secret||t.message||t.value)&&!\/[^a-zA-Z0-9]\/.test(t.secret)){for(var s,r,n,a=l.querySelectorAll('iframe[data-secret=\"'+t.secret+'\"]'),o=l.querySelectorAll('blockquote[data-secret=\"'+t.secret+'\"]'),c=new RegExp(\"^https?:$\",\"i\"),i=0;i<o.length;i++)o[i].style.display=\"none\";for(i=0;i<a.length;i++)s=a[i],e.source===s.contentWindow&&(s.removeAttribute(\"style\"),\"height\"===t.message?(1e3<(r=parseInt(t.value,10))?r=1e3:~~r<200&&(r=200),s.height=r):\"link\"===t.message&&(r=new URL(s.getAttribute(\"src\")),n=new URL(t.value),c.test(n.protocol))&&n.host===r.host&&l.activeElement===s&&(d.top.location.href=t.value))}},d.addEventListener(\"message\",d.wp.receiveEmbedMessage,!1),l.addEventListener(\"DOMContentLoaded\",function(){for(var e,t,s=l.querySelectorAll(\"iframe.wp-embedded-content\"),r=0;r<s.length;r++)(t=(e=s[r]).getAttribute(\"data-secret\"))||(t=Math.random().toString(36).substring(2,12),e.src+=\"#?secret=\"+t,e.setAttribute(\"data-secret\",t)),e.contentWindow.postMessage({message:\"ready\",secret:t},\"*\")},!1)))}(window,document);\n\/* ]]> *\/\n<\/script>\n","thumbnail_url":"https:\/\/hir.mediamarkt.hu\/magazin\/wp-content\/uploads\/2018\/06\/700d.jpg","thumbnail_width":1440,"thumbnail_height":540,"description":"Ahogy a kompakt f\u00e9nyk\u00e9pez\u0151g\u00e9pek szerep\u00e9t m\u00e1ra szinte teljesen \u00e1tvett\u00e9k a mobiltelefonok, \u00fagy lett a fot\u00f3z\u00e1s \u201et\u00f6megcikk\u201d. M\u00e1r szinte nem is \u00edrunk bejegyz\u00e9seket, ink\u00e1bb gyorsan lefot\u00f3zzuk, amit l\u00e1tunk, \u00e9s persze haszn\u00e1ljuk a mindenki \u00e1ltal el\u00e9rhet\u0151 kamer\u00e1s appokat, egyen-effekteket. Ez\u00e1ltal viszont azt l\u00e1thatjuk, hogy minden egyes t\u00e1jk\u00e9p, portr\u00e9, koncertk\u00e9p vagy sportfot\u00f3, ami szembej\u00f6n vel\u00fcnk az interneten, szinte ugyanolyan. A fot\u00f3s szem\u00e9lye, l\u00e1t\u00e1sm\u00f3dja, egy\u00e9nis\u00e9ge nincs sehol, elt\u0171nik a t\u00f6megek \u00e1ltal haszn\u00e1lt, el\u0151re be\u00e1ll\u00edtott, \u201egyors\u00e9ttermi\u201d k\u00e9pk\u00e9sz\u00edt\u00e9s d\u00f6mpingj\u00e9ben. Sz\u00f3val mit tegyen az, aki t\u00e9nyleg valami saj\u00e1tot szeretne elmes\u00e9lni a k\u00e9peivel, megmutatni azt, hogyan l\u00e1tja \u0151 a vil\u00e1got? Ilyenkor j\u00f6n el a t\u00fck\u00f6rreflexes g\u00e9pek, avagy DSLR-ek ideje. Ezek azok az eszk\u00f6z\u00f6k, amelyek alapvet\u0151 m\u0171k\u00f6d\u00e9si elv\u00fcket tekintve m\u00e1r nagyon hasonl\u00f3an m\u0171k\u00f6dnek, mint a klasszikus, cser\u00e9lhet\u0151 objekt\u00edves, bel\u00fcl"}

Digitális tükörreflexes fényképezőgépek - MediaMarkt Magazin

<blockquote class="wp-embedded-content" data-secret="xhvtpxqt9x"><a href="https://hir.mediamarkt.hu/magazin/digitalis-tukorreflexes-fenykepezogepek/">Digitális tükörreflexes fényképezőgépek</a></blockquote><iframe sandbox="allow-scripts" security="restricted" src="https://hir.mediamarkt.hu/magazin/digitalis-tukorreflexes-fenykepezogepek/embed/#?secret=xhvtpxqt9x" width="600" height="338" title="&#8220;Digitális tükörreflexes fényképezőgépek&#8221; &#8212; MediaMarkt Magazin" data-secret="xhvtpxqt9x" frameborder="0" marginwidth="0" marginheight="0" scrolling="no" class="wp-embedded-content"></iframe><script type="text/javascript">
/* <![CDATA[ */
/*! This file is auto-generated */
!function(d,l){"use strict";l.querySelector&&d.addEventListener&&"undefined"!=typeof URL&&(d.wp=d.wp||{},d.wp.receiveEmbedMessage||(d.wp.receiveEmbedMessage=function(e){var t=e.data;if((t||t.secret||t.message||t.value)&&!/[^a-zA-Z0-9]/.test(t.secret)){for(var s,r,n,a=l.querySelectorAll('iframe[data-secret="'+t.secret+'"]'),o=l.querySelectorAll('blockquote[data-secret="'+t.secret+'"]'),c=new RegExp("^https?:$","i"),i=0;i<o.length;i++)o[i].style.display="none";for(i=0;i<a.length;i++)s=a[i],e.source===s.contentWindow&&(s.removeAttribute("style"),"height"===t.message?(1e3<(r=parseInt(t.value,10))?r=1e3:~~r<200&&(r=200),s.height=r):"link"===t.message&&(r=new URL(s.getAttribute("src")),n=new URL(t.value),c.test(n.protocol))&&n.host===r.host&&l.activeElement===s&&(d.top.location.href=t.value))}},d.addEventListener("message",d.wp.receiveEmbedMessage,!1),l.addEventListener("DOMContentLoaded",function(){for(var e,t,s=l.querySelectorAll("iframe.wp-embedded-content"),r=0;r<s.length;r++)(t=(e=s[r]).getAttribute("data-secret"))||(t=Math.random().toString(36).substring(2,12),e.src+="#?secret="+t,e.setAttribute("data-secret",t)),e.contentWindow.postMessage({message:"ready",secret:t},"*")},!1)))}(window,document);
/* ]]> */
</script>

Ahogy a kompakt fényképezőgépek szerepét mára szinte teljesen átvették a mobiltelefonok, úgy lett a fotózás „tömegcikk”. Már szinte nem is írunk bejegyzéseket, inkább gyorsan lefotózzuk, amit látunk, és persze használjuk a mindenki által elérhető kamerás appokat, egyen-effekteket. Ezáltal viszont azt láthatjuk, hogy minden egyes tájkép, portré, koncertkép vagy sportfotó, ami szembejön velünk az interneten, szinte ugyanolyan. A fotós személye, látásmódja, egyénisége nincs sehol, eltűnik a tömegek által használt, előre beállított, „gyorséttermi” képkészítés dömpingjében. Szóval mit tegyen az, aki tényleg valami sajátot szeretne elmesélni a képeivel, megmutatni azt, hogyan látja ő a világot? Ilyenkor jön el a tükörreflexes gépek, avagy DSLR-ek ideje. Ezek azok az eszközök, amelyek alapvető működési elvüket tekintve már nagyon hasonlóan működnek, mint a klasszikus, cserélhető objektíves, belül
