{"version":"1.0","provider_name":"MediaMarkt Magazin","provider_url":"https:\/\/hir.mediamarkt.hu\/magazin","title":"Ism\u00e9t el\u0151t\u00e9rben az \u00fajs\u00e1g m\u00e9ret\u0171, hajl\u00edthat\u00f3 LG kijelz\u0151 - MediaMarkt Magazin","type":"rich","width":600,"height":338,"html":"<blockquote class=\"wp-embedded-content\" data-secret=\"eoKd573PnA\"><a href=\"https:\/\/hir.mediamarkt.hu\/magazin\/digitalis-ujsag-hajlithato-kijelzobol-az-lg-tol\/\">Ism\u00e9t el\u0151t\u00e9rben az \u00fajs\u00e1g m\u00e9ret\u0171, hajl\u00edthat\u00f3 LG kijelz\u0151<\/a><\/blockquote><iframe sandbox=\"allow-scripts\" security=\"restricted\" src=\"https:\/\/hir.mediamarkt.hu\/magazin\/digitalis-ujsag-hajlithato-kijelzobol-az-lg-tol\/embed\/#?secret=eoKd573PnA\" width=\"600\" height=\"338\" title=\"&#8220;Ism\u00e9t el\u0151t\u00e9rben az \u00fajs\u00e1g m\u00e9ret\u0171, hajl\u00edthat\u00f3 LG kijelz\u0151&#8221; &#8212; MediaMarkt Magazin\" data-secret=\"eoKd573PnA\" frameborder=\"0\" marginwidth=\"0\" marginheight=\"0\" scrolling=\"no\" class=\"wp-embedded-content\"><\/iframe><script type=\"text\/javascript\">\n\/* <![CDATA[ *\/\n\/*! This file is auto-generated *\/\n!function(d,l){\"use strict\";l.querySelector&&d.addEventListener&&\"undefined\"!=typeof URL&&(d.wp=d.wp||{},d.wp.receiveEmbedMessage||(d.wp.receiveEmbedMessage=function(e){var t=e.data;if((t||t.secret||t.message||t.value)&&!\/[^a-zA-Z0-9]\/.test(t.secret)){for(var s,r,n,a=l.querySelectorAll('iframe[data-secret=\"'+t.secret+'\"]'),o=l.querySelectorAll('blockquote[data-secret=\"'+t.secret+'\"]'),c=new RegExp(\"^https?:$\",\"i\"),i=0;i<o.length;i++)o[i].style.display=\"none\";for(i=0;i<a.length;i++)s=a[i],e.source===s.contentWindow&&(s.removeAttribute(\"style\"),\"height\"===t.message?(1e3<(r=parseInt(t.value,10))?r=1e3:~~r<200&&(r=200),s.height=r):\"link\"===t.message&&(r=new URL(s.getAttribute(\"src\")),n=new URL(t.value),c.test(n.protocol))&&n.host===r.host&&l.activeElement===s&&(d.top.location.href=t.value))}},d.addEventListener(\"message\",d.wp.receiveEmbedMessage,!1),l.addEventListener(\"DOMContentLoaded\",function(){for(var e,t,s=l.querySelectorAll(\"iframe.wp-embedded-content\"),r=0;r<s.length;r++)(t=(e=s[r]).getAttribute(\"data-secret\"))||(t=Math.random().toString(36).substring(2,12),e.src+=\"#?secret=\"+t,e.setAttribute(\"data-secret\",t)),e.contentWindow.postMessage({message:\"ready\",secret:t},\"*\")},!1)))}(window,document);\n\/* ]]> *\/\n<\/script>\n","thumbnail_url":"https:\/\/hir.mediamarkt.hu\/magazin\/wp-content\/uploads\/2016\/01\/lg_bendable_oled_18inch_01_MMM.jpg","thumbnail_width":960,"thumbnail_height":641,"description":"Az LG tov\u00e1bbra is fant\u00e1zi\u00e1t l\u00e1t a multim\u00e9di\u00e1s eszk\u00f6z\u00f6k egyes komponenseinek hajl\u00edthat\u00f3v\u00e1 t\u00e9tel\u00e9re, k\u00fcl\u00f6n\u00f6sk\u00e9ppen ha a kijelz\u0151kr\u0151l van sz\u00f3. A koreai gy\u00e1rt\u00f3 az \u00e9ppen Los Angelesben zajl\u00f3 konzumer elektronikai\u00a0exp\u00f3, azaz a CES alkalm\u00e1val ism\u00e9t el\u0151vette majdhogynem pap\u00edrk\u00e9nt hajl\u00edthat\u00f3 megjelen\u00edt\u0151j\u00e9t, ez\u00fattal m\u00e1r kipr\u00f3b\u00e1lhat\u00f3 form\u00e1ban. A feltekerhet\u0151 megjelen\u00edt\u0151 \u00f6tlet\u00e9vel a c\u00e9g nagyj\u00e1b\u00f3l m\u00e1sf\u00e9l \u00e9ve, m\u00e9g 2014 tavasz\u00e1n \u00e1lltak el\u0151, a mostani v\u00e1ltozat viszont m\u00e1r sokkal fejlettebbnek \u00edg\u00e9rkezik. A 30R nevet kap\u00f3 egys\u00e9g 18 colos k\u00e9p\u00e1tl\u00f3val rendelkezik, OLED technol\u00f3gi\u00e1t haszn\u00e1l \u00e9s t\u00e9nyleg \u00fajs\u00e1gpap\u00edrk\u00e9nt \u00f6sszetekerve sz\u00e1ll\u00edthat\u00f3 &#8211; de nyilv\u00e1n a gy\u00e1rt\u00f3 nem csak a j\u00f6v\u0151 digit\u00e1lis \u00fajs\u00e1gjainak koncepci\u00f3j\u00e1t val\u00f3s\u00edtan\u00e1 meg a pap\u00edrszer\u0171 megjelen\u00edt\u0151vel, t\u00f6bbek k\u00f6zt a CES alkalm\u00e1val is megtekinthet\u0151 lesz egy 25 colos verzi\u00f3, melyet a gy\u00e1rt\u00f3 kifejezetten aut\u00f3k bels\u0151 ter\u00e9be sz\u00e1n."}

Ismét előtérben az újság méretű, hajlítható LG kijelző - MediaMarkt Magazin

<blockquote class="wp-embedded-content" data-secret="eoKd573PnA"><a href="https://hir.mediamarkt.hu/magazin/digitalis-ujsag-hajlithato-kijelzobol-az-lg-tol/">Ismét előtérben az újság méretű, hajlítható LG kijelző</a></blockquote><iframe sandbox="allow-scripts" security="restricted" src="https://hir.mediamarkt.hu/magazin/digitalis-ujsag-hajlithato-kijelzobol-az-lg-tol/embed/#?secret=eoKd573PnA" width="600" height="338" title="&#8220;Ismét előtérben az újság méretű, hajlítható LG kijelző&#8221; &#8212; MediaMarkt Magazin" data-secret="eoKd573PnA" frameborder="0" marginwidth="0" marginheight="0" scrolling="no" class="wp-embedded-content"></iframe><script type="text/javascript">
/* <![CDATA[ */
/*! This file is auto-generated */
!function(d,l){"use strict";l.querySelector&&d.addEventListener&&"undefined"!=typeof URL&&(d.wp=d.wp||{},d.wp.receiveEmbedMessage||(d.wp.receiveEmbedMessage=function(e){var t=e.data;if((t||t.secret||t.message||t.value)&&!/[^a-zA-Z0-9]/.test(t.secret)){for(var s,r,n,a=l.querySelectorAll('iframe[data-secret="'+t.secret+'"]'),o=l.querySelectorAll('blockquote[data-secret="'+t.secret+'"]'),c=new RegExp("^https?:$","i"),i=0;i<o.length;i++)o[i].style.display="none";for(i=0;i<a.length;i++)s=a[i],e.source===s.contentWindow&&(s.removeAttribute("style"),"height"===t.message?(1e3<(r=parseInt(t.value,10))?r=1e3:~~r<200&&(r=200),s.height=r):"link"===t.message&&(r=new URL(s.getAttribute("src")),n=new URL(t.value),c.test(n.protocol))&&n.host===r.host&&l.activeElement===s&&(d.top.location.href=t.value))}},d.addEventListener("message",d.wp.receiveEmbedMessage,!1),l.addEventListener("DOMContentLoaded",function(){for(var e,t,s=l.querySelectorAll("iframe.wp-embedded-content"),r=0;r<s.length;r++)(t=(e=s[r]).getAttribute("data-secret"))||(t=Math.random().toString(36).substring(2,12),e.src+="#?secret="+t,e.setAttribute("data-secret",t)),e.contentWindow.postMessage({message:"ready",secret:t},"*")},!1)))}(window,document);
/* ]]> */
</script>

Az LG továbbra is fantáziát lát a multimédiás eszközök egyes komponenseinek hajlíthatóvá tételére, különösképpen ha a kijelzőkről van szó. A koreai gyártó az éppen Los Angelesben zajló konzumer elektronikai expó, azaz a CES alkalmával ismét elővette majdhogynem papírként hajlítható megjelenítőjét, ezúttal már kipróbálható formában. A feltekerhető megjelenítő ötletével a cég nagyjából másfél éve, még 2014 tavaszán álltak elő, a mostani változat viszont már sokkal fejlettebbnek ígérkezik. A 30R nevet kapó egység 18 colos képátlóval rendelkezik, OLED technológiát használ és tényleg újságpapírként összetekerve szállítható &#8211; de nyilván a gyártó nem csak a jövő digitális újságjainak koncepcióját valósítaná meg a papírszerű megjelenítővel, többek közt a CES alkalmával is megtekinthető lesz egy 25 colos verzió, melyet a gyártó kifejezetten autók belső terébe szán.
