{"version":"1.0","provider_name":"MediaMarkt Magazin","provider_url":"https:\/\/hir.mediamarkt.hu\/magazin","title":"N\u00e9gymagos androidosokostelefont jelentet meg az Acer - MediaMarkt Magazin","type":"rich","width":600,"height":338,"html":"<blockquote class=\"wp-embedded-content\" data-secret=\"0osLqhuuZ6\"><a href=\"https:\/\/hir.mediamarkt.hu\/magazin\/negymagos-androidosokostelefont-jelentet-meg-az-acer\/\">N\u00e9gymagos androidosokostelefont jelentet meg az Acer<\/a><\/blockquote><iframe sandbox=\"allow-scripts\" security=\"restricted\" src=\"https:\/\/hir.mediamarkt.hu\/magazin\/negymagos-androidosokostelefont-jelentet-meg-az-acer\/embed\/#?secret=0osLqhuuZ6\" width=\"600\" height=\"338\" title=\"&#8220;N\u00e9gymagos androidosokostelefont jelentet meg az Acer&#8221; &#8212; MediaMarkt Magazin\" data-secret=\"0osLqhuuZ6\" frameborder=\"0\" marginwidth=\"0\" marginheight=\"0\" scrolling=\"no\" class=\"wp-embedded-content\"><\/iframe><script type=\"text\/javascript\">\n\/* <![CDATA[ *\/\n\/*! This file is auto-generated *\/\n!function(d,l){\"use strict\";l.querySelector&&d.addEventListener&&\"undefined\"!=typeof URL&&(d.wp=d.wp||{},d.wp.receiveEmbedMessage||(d.wp.receiveEmbedMessage=function(e){var t=e.data;if((t||t.secret||t.message||t.value)&&!\/[^a-zA-Z0-9]\/.test(t.secret)){for(var s,r,n,a=l.querySelectorAll('iframe[data-secret=\"'+t.secret+'\"]'),o=l.querySelectorAll('blockquote[data-secret=\"'+t.secret+'\"]'),c=new RegExp(\"^https?:$\",\"i\"),i=0;i<o.length;i++)o[i].style.display=\"none\";for(i=0;i<a.length;i++)s=a[i],e.source===s.contentWindow&&(s.removeAttribute(\"style\"),\"height\"===t.message?(1e3<(r=parseInt(t.value,10))?r=1e3:~~r<200&&(r=200),s.height=r):\"link\"===t.message&&(r=new URL(s.getAttribute(\"src\")),n=new URL(t.value),c.test(n.protocol))&&n.host===r.host&&l.activeElement===s&&(d.top.location.href=t.value))}},d.addEventListener(\"message\",d.wp.receiveEmbedMessage,!1),l.addEventListener(\"DOMContentLoaded\",function(){for(var e,t,s=l.querySelectorAll(\"iframe.wp-embedded-content\"),r=0;r<s.length;r++)(t=(e=s[r]).getAttribute(\"data-secret\"))||(t=Math.random().toString(36).substring(2,12),e.src+=\"#?secret=\"+t,e.setAttribute(\"data-secret\",t)),e.contentWindow.postMessage({message:\"ready\",secret:t},\"*\")},!1)))}(window,document);\n\/* ]]> *\/\n<\/script>\n","description":"Az Acer \u00fajabb androidosokostelefonnal b\u0151v\u00edti v\u00e1laszt\u00e9k\u00e1t: a c\u00e9g bejelentette a Liquid E2 modellt. Az Acer \u00e9rint\u0151s modellje 4,5 colos qHD kijelz\u0151vel rendelkezik majd, vagyis nem a tepsi, de a nagyobb m\u00e9ret\u0171 telefonok k\u00f6z\u00e9 tartozik majd, 540&#215;960 pixeles felbont\u00e1ssal. A k\u00e9sz\u00fcl\u00e9ken a leg\u00fajabb, Android 4.2.1-es JellyBean szoftver fut majd, \u00e9s n\u00e9gymagos, 1,2 gigahertzes processzor m\u0171k\u00f6dteti majd, eg\u00e9sz pontosan egy Cortex A7 1 gigab\u00e1jt RAM-mal. Fekete \u00e9s feh\u00e9r sz\u00ednben j\u00f6n ki a Liquid E2 A telefont term\u00e9szetesen b\u0151v\u00edthet\u0151 mem\u00f3ri\u00e1val l\u00e1tt\u00e1k el, be\u00e9p\u00edtve 4 gigab\u00e1jtos h\u00e1tt\u00e9rt\u00e1ra lesz. A telefon el\u0151lapj\u00e1n 2, a h\u00e1tlapj\u00e1n 8 megapixeles kamera kapott helyet LED-es vakuval \u00e9s autof\u00f3kusszal. A Liquid E2 specifik\u00e1ci\u00f3i ugyan nem rosszak, de sem a design, sem a teljes\u00edtm\u00e9ny ter\u00e9n nem emelkedik ki jelent\u0151sen a mostani","thumbnail_url":"http:\/\/hir.mediamarkt.hu\/magazin\/images\/0426_01.png"}

Négymagos androidosokostelefont jelentet meg az Acer - MediaMarkt Magazin

<blockquote class="wp-embedded-content" data-secret="0osLqhuuZ6"><a href="https://hir.mediamarkt.hu/magazin/negymagos-androidosokostelefont-jelentet-meg-az-acer/">Négymagos androidosokostelefont jelentet meg az Acer</a></blockquote><iframe sandbox="allow-scripts" security="restricted" src="https://hir.mediamarkt.hu/magazin/negymagos-androidosokostelefont-jelentet-meg-az-acer/embed/#?secret=0osLqhuuZ6" width="600" height="338" title="&#8220;Négymagos androidosokostelefont jelentet meg az Acer&#8221; &#8212; MediaMarkt Magazin" data-secret="0osLqhuuZ6" frameborder="0" marginwidth="0" marginheight="0" scrolling="no" class="wp-embedded-content"></iframe><script type="text/javascript">
/* <![CDATA[ */
/*! This file is auto-generated */
!function(d,l){"use strict";l.querySelector&&d.addEventListener&&"undefined"!=typeof URL&&(d.wp=d.wp||{},d.wp.receiveEmbedMessage||(d.wp.receiveEmbedMessage=function(e){var t=e.data;if((t||t.secret||t.message||t.value)&&!/[^a-zA-Z0-9]/.test(t.secret)){for(var s,r,n,a=l.querySelectorAll('iframe[data-secret="'+t.secret+'"]'),o=l.querySelectorAll('blockquote[data-secret="'+t.secret+'"]'),c=new RegExp("^https?:$","i"),i=0;i<o.length;i++)o[i].style.display="none";for(i=0;i<a.length;i++)s=a[i],e.source===s.contentWindow&&(s.removeAttribute("style"),"height"===t.message?(1e3<(r=parseInt(t.value,10))?r=1e3:~~r<200&&(r=200),s.height=r):"link"===t.message&&(r=new URL(s.getAttribute("src")),n=new URL(t.value),c.test(n.protocol))&&n.host===r.host&&l.activeElement===s&&(d.top.location.href=t.value))}},d.addEventListener("message",d.wp.receiveEmbedMessage,!1),l.addEventListener("DOMContentLoaded",function(){for(var e,t,s=l.querySelectorAll("iframe.wp-embedded-content"),r=0;r<s.length;r++)(t=(e=s[r]).getAttribute("data-secret"))||(t=Math.random().toString(36).substring(2,12),e.src+="#?secret="+t,e.setAttribute("data-secret",t)),e.contentWindow.postMessage({message:"ready",secret:t},"*")},!1)))}(window,document);
/* ]]> */
</script>

Az Acer újabb androidosokostelefonnal bővíti választékát: a cég bejelentette a Liquid E2 modellt. Az Acer érintős modellje 4,5 colos qHD kijelzővel rendelkezik majd, vagyis nem a tepsi, de a nagyobb méretű telefonok közé tartozik majd, 540&#215;960 pixeles felbontással. A készüléken a legújabb, Android 4.2.1-es JellyBean szoftver fut majd, és négymagos, 1,2 gigahertzes processzor működteti majd, egész pontosan egy Cortex A7 1 gigabájt RAM-mal. Fekete és fehér színben jön ki a Liquid E2 A telefont természetesen bővíthető memóriával látták el, beépítve 4 gigabájtos háttértára lesz. A telefon előlapján 2, a hátlapján 8 megapixeles kamera kapott helyet LED-es vakuval és autofókusszal. A Liquid E2 specifikációi ugyan nem rosszak, de sem a design, sem a teljesítmény terén nem emelkedik ki jelentősen a mostani
