{"version":"1.0","provider_name":"MediaMarkt Magazin","provider_url":"https:\/\/hir.mediamarkt.hu\/magazin","title":"Nosztalgia-percek: azok a r\u00e9gi, j\u00f3 retro tanszerek \u00e9s iskola felszerel\u00e9sek\u2026 - MediaMarkt Magazin","type":"rich","width":600,"height":338,"html":"<blockquote class=\"wp-embedded-content\" data-secret=\"ItLmiOW3hM\"><a href=\"https:\/\/hir.mediamarkt.hu\/magazin\/nosztalgia-retro-tanszerek-es-iskola-felszerelesek-suli\/\">Nosztalgia-percek: azok a r\u00e9gi, j\u00f3 retro tanszerek \u00e9s iskola felszerel\u00e9sek\u2026<\/a><\/blockquote><iframe sandbox=\"allow-scripts\" security=\"restricted\" src=\"https:\/\/hir.mediamarkt.hu\/magazin\/nosztalgia-retro-tanszerek-es-iskola-felszerelesek-suli\/embed\/#?secret=ItLmiOW3hM\" width=\"600\" height=\"338\" title=\"&#8220;Nosztalgia-percek: azok a r\u00e9gi, j\u00f3 retro tanszerek \u00e9s iskola felszerel\u00e9sek\u2026&#8221; &#8212; MediaMarkt Magazin\" data-secret=\"ItLmiOW3hM\" frameborder=\"0\" marginwidth=\"0\" marginheight=\"0\" scrolling=\"no\" class=\"wp-embedded-content\"><\/iframe><script type=\"text\/javascript\">\n\/* <![CDATA[ *\/\n\/*! This file is auto-generated *\/\n!function(d,l){\"use strict\";l.querySelector&&d.addEventListener&&\"undefined\"!=typeof URL&&(d.wp=d.wp||{},d.wp.receiveEmbedMessage||(d.wp.receiveEmbedMessage=function(e){var t=e.data;if((t||t.secret||t.message||t.value)&&!\/[^a-zA-Z0-9]\/.test(t.secret)){for(var s,r,n,a=l.querySelectorAll('iframe[data-secret=\"'+t.secret+'\"]'),o=l.querySelectorAll('blockquote[data-secret=\"'+t.secret+'\"]'),c=new RegExp(\"^https?:$\",\"i\"),i=0;i<o.length;i++)o[i].style.display=\"none\";for(i=0;i<a.length;i++)s=a[i],e.source===s.contentWindow&&(s.removeAttribute(\"style\"),\"height\"===t.message?(1e3<(r=parseInt(t.value,10))?r=1e3:~~r<200&&(r=200),s.height=r):\"link\"===t.message&&(r=new URL(s.getAttribute(\"src\")),n=new URL(t.value),c.test(n.protocol))&&n.host===r.host&&l.activeElement===s&&(d.top.location.href=t.value))}},d.addEventListener(\"message\",d.wp.receiveEmbedMessage,!1),l.addEventListener(\"DOMContentLoaded\",function(){for(var e,t,s=l.querySelectorAll(\"iframe.wp-embedded-content\"),r=0;r<s.length;r++)(t=(e=s[r]).getAttribute(\"data-secret\"))||(t=Math.random().toString(36).substring(2,12),e.src+=\"#?secret=\"+t,e.setAttribute(\"data-secret\",t)),e.contentWindow.postMessage({message:\"ready\",secret:t},\"*\")},!1)))}(window,document);\n\/* ]]> *\/\n<\/script>\n","thumbnail_url":"https:\/\/hir.mediamarkt.hu\/magazin\/wp-content\/uploads\/2018\/08\/000-1.jpg","thumbnail_width":665,"thumbnail_height":603,"description":"Mekkora dolog volt egykor \u201ca szagos rad\u00edr\u201d \u00e9s a Budmil t\u00e1ska! Hirtelen, szinte \u00e9szrev\u00e9tlen\u00fcl ugrottunk \u00e1t az egyen, s\u00f6t\u00e9tk\u00e9k f\u00fczet bek\u00f6t\u0151k \u00e9s piros-feh\u00e9r vinyett\u00e1k vil\u00e1g\u00e1b\u00f3l az \u00c1PISZ-ok v\u00e9gtelennek t\u0171n\u0151, rendszerv\u00e1lt\u00e1s ut\u00e1ni k\u00edn\u00e1lat\u00e1ba. A 80-as \u00e9vek retro iskolai holmijai felett nosztalgi\u00e1ztunk. \u00c9s persze megn\u00e9zt\u00fck, mi lapul a MediaMarkt polcain 2018-ban, a t\u00e9m\u00e1ban!"}

Nosztalgia-percek: azok a régi, jó retro tanszerek és iskola felszerelések… - MediaMarkt Magazin

<blockquote class="wp-embedded-content" data-secret="ItLmiOW3hM"><a href="https://hir.mediamarkt.hu/magazin/nosztalgia-retro-tanszerek-es-iskola-felszerelesek-suli/">Nosztalgia-percek: azok a régi, jó retro tanszerek és iskola felszerelések…</a></blockquote><iframe sandbox="allow-scripts" security="restricted" src="https://hir.mediamarkt.hu/magazin/nosztalgia-retro-tanszerek-es-iskola-felszerelesek-suli/embed/#?secret=ItLmiOW3hM" width="600" height="338" title="&#8220;Nosztalgia-percek: azok a régi, jó retro tanszerek és iskola felszerelések…&#8221; &#8212; MediaMarkt Magazin" data-secret="ItLmiOW3hM" frameborder="0" marginwidth="0" marginheight="0" scrolling="no" class="wp-embedded-content"></iframe><script type="text/javascript">
/* <![CDATA[ */
/*! This file is auto-generated */
!function(d,l){"use strict";l.querySelector&&d.addEventListener&&"undefined"!=typeof URL&&(d.wp=d.wp||{},d.wp.receiveEmbedMessage||(d.wp.receiveEmbedMessage=function(e){var t=e.data;if((t||t.secret||t.message||t.value)&&!/[^a-zA-Z0-9]/.test(t.secret)){for(var s,r,n,a=l.querySelectorAll('iframe[data-secret="'+t.secret+'"]'),o=l.querySelectorAll('blockquote[data-secret="'+t.secret+'"]'),c=new RegExp("^https?:$","i"),i=0;i<o.length;i++)o[i].style.display="none";for(i=0;i<a.length;i++)s=a[i],e.source===s.contentWindow&&(s.removeAttribute("style"),"height"===t.message?(1e3<(r=parseInt(t.value,10))?r=1e3:~~r<200&&(r=200),s.height=r):"link"===t.message&&(r=new URL(s.getAttribute("src")),n=new URL(t.value),c.test(n.protocol))&&n.host===r.host&&l.activeElement===s&&(d.top.location.href=t.value))}},d.addEventListener("message",d.wp.receiveEmbedMessage,!1),l.addEventListener("DOMContentLoaded",function(){for(var e,t,s=l.querySelectorAll("iframe.wp-embedded-content"),r=0;r<s.length;r++)(t=(e=s[r]).getAttribute("data-secret"))||(t=Math.random().toString(36).substring(2,12),e.src+="#?secret="+t,e.setAttribute("data-secret",t)),e.contentWindow.postMessage({message:"ready",secret:t},"*")},!1)))}(window,document);
/* ]]> */
</script>

Mekkora dolog volt egykor “a szagos radír” és a Budmil táska! Hirtelen, szinte észrevétlenül ugrottunk át az egyen, sötétkék füzet bekötők és piros-fehér vinyetták világából az ÁPISZ-ok végtelennek tűnő, rendszerváltás utáni kínálatába. A 80-as évek retro iskolai holmijai felett nosztalgiáztunk. És persze megnéztük, mi lapul a MediaMarkt polcain 2018-ban, a témában!
