{"version":"1.0","provider_name":"MediaMarkt Magazin","provider_url":"https:\/\/hir.mediamarkt.hu\/magazin","title":"T\u00f6bb akkuid\u00f5, jobb grafika az Intelt\u00f5l - MediaMarkt Magazin","type":"rich","width":600,"height":338,"html":"<blockquote class=\"wp-embedded-content\" data-secret=\"ABKSdjAH45\"><a href=\"https:\/\/hir.mediamarkt.hu\/magazin\/tobb-akkuido-jobb-grafika-az-inteltol\/\">T\u00f6bb akkuid\u00f5, jobb grafika az Intelt\u00f5l<\/a><\/blockquote><iframe sandbox=\"allow-scripts\" security=\"restricted\" src=\"https:\/\/hir.mediamarkt.hu\/magazin\/tobb-akkuido-jobb-grafika-az-inteltol\/embed\/#?secret=ABKSdjAH45\" width=\"600\" height=\"338\" title=\"&#8220;T\u00f6bb akkuid\u00f5, jobb grafika az Intelt\u00f5l&#8221; &#8212; MediaMarkt Magazin\" data-secret=\"ABKSdjAH45\" frameborder=\"0\" marginwidth=\"0\" marginheight=\"0\" scrolling=\"no\" class=\"wp-embedded-content\"><\/iframe><script type=\"text\/javascript\">\n\/* <![CDATA[ *\/\n\/*! This file is auto-generated *\/\n!function(d,l){\"use strict\";l.querySelector&&d.addEventListener&&\"undefined\"!=typeof URL&&(d.wp=d.wp||{},d.wp.receiveEmbedMessage||(d.wp.receiveEmbedMessage=function(e){var t=e.data;if((t||t.secret||t.message||t.value)&&!\/[^a-zA-Z0-9]\/.test(t.secret)){for(var s,r,n,a=l.querySelectorAll('iframe[data-secret=\"'+t.secret+'\"]'),o=l.querySelectorAll('blockquote[data-secret=\"'+t.secret+'\"]'),c=new RegExp(\"^https?:$\",\"i\"),i=0;i<o.length;i++)o[i].style.display=\"none\";for(i=0;i<a.length;i++)s=a[i],e.source===s.contentWindow&&(s.removeAttribute(\"style\"),\"height\"===t.message?(1e3<(r=parseInt(t.value,10))?r=1e3:~~r<200&&(r=200),s.height=r):\"link\"===t.message&&(r=new URL(s.getAttribute(\"src\")),n=new URL(t.value),c.test(n.protocol))&&n.host===r.host&&l.activeElement===s&&(d.top.location.href=t.value))}},d.addEventListener(\"message\",d.wp.receiveEmbedMessage,!1),l.addEventListener(\"DOMContentLoaded\",function(){for(var e,t,s=l.querySelectorAll(\"iframe.wp-embedded-content\"),r=0;r<s.length;r++)(t=(e=s[r]).getAttribute(\"data-secret\"))||(t=Math.random().toString(36).substring(2,12),e.src+=\"#?secret=\"+t,e.setAttribute(\"data-secret\",t)),e.contentWindow.postMessage({message:\"ready\",secret:t},\"*\")},!1)))}(window,document);\n\/* ]]> *\/\n<\/script>\n","description":"Az Intel bemutatta \u00faj gener\u00e1ci\u00f3s processzorcsal\u00e1dj\u00e1t a Haswellt. Nagyobb teljes\u00edtm\u00e9ny \u00e9s kisebb fogyaszt\u00e1s jellemzi az \u00faj gener\u00e1ci\u00f3t. Az Intel gyakorlatilag egyeduralkod\u00f3 a processzorok piac\u00e1n. A r\u00e9gi nagy riv\u00e1lis, az AMD ugyan sikeres az olcs\u00f3 netbookok szegmens\u00e9ben, azonban a komolyabb noteszg\u00e9pek \u00e9s asztali PC-k vil\u00e1g\u00e1ban egy\u00e9rtelm\u0171en monopol helyzete van az Intelnek. Amiben viszont az AMD nagyot gur\u00edtott az a grafikai teljes\u00edtm\u00e9ny, amit elirigyelve az Intel legfrissebb Haswell csal\u00e1dj\u00e1val erre, illetve a m\u00e9g jobb fogyaszt\u00e1sra koncentr\u00e1l. Nyers teljes\u00edtm\u00e9nyben nincs sz\u00e9gyenkeznival\u00f3ja az el\u0151z\u0151 gener\u00e1ci\u00f3s Intel Ivy Bridge processzoroknak, \u00e1m a j\u00e1t\u00e9kgrafik\u00e1k ter\u00e9n volt mit behoznia az AMD-hez k\u00e9pest. Az Intel sikerre vitte (ha sz\u00fcks\u00e9ges volt p\u00e9nzzel \u00e9s er\u0151vel) az igen lapos, hossz\u00fa \u00fczemid\u0151vel rendelkez\u0151 kecses Ultrabookokat. A design sz\u00e9p volt, az akkuid\u0151 rendben,","thumbnail_url":"http:\/\/hir.mediamarkt.hu\/magazin\/images\/0617_01.png"}

Több akkuidõ, jobb grafika az Inteltõl - MediaMarkt Magazin

<blockquote class="wp-embedded-content" data-secret="ABKSdjAH45"><a href="https://hir.mediamarkt.hu/magazin/tobb-akkuido-jobb-grafika-az-inteltol/">Több akkuidõ, jobb grafika az Inteltõl</a></blockquote><iframe sandbox="allow-scripts" security="restricted" src="https://hir.mediamarkt.hu/magazin/tobb-akkuido-jobb-grafika-az-inteltol/embed/#?secret=ABKSdjAH45" width="600" height="338" title="&#8220;Több akkuidõ, jobb grafika az Inteltõl&#8221; &#8212; MediaMarkt Magazin" data-secret="ABKSdjAH45" frameborder="0" marginwidth="0" marginheight="0" scrolling="no" class="wp-embedded-content"></iframe><script type="text/javascript">
/* <![CDATA[ */
/*! This file is auto-generated */
!function(d,l){"use strict";l.querySelector&&d.addEventListener&&"undefined"!=typeof URL&&(d.wp=d.wp||{},d.wp.receiveEmbedMessage||(d.wp.receiveEmbedMessage=function(e){var t=e.data;if((t||t.secret||t.message||t.value)&&!/[^a-zA-Z0-9]/.test(t.secret)){for(var s,r,n,a=l.querySelectorAll('iframe[data-secret="'+t.secret+'"]'),o=l.querySelectorAll('blockquote[data-secret="'+t.secret+'"]'),c=new RegExp("^https?:$","i"),i=0;i<o.length;i++)o[i].style.display="none";for(i=0;i<a.length;i++)s=a[i],e.source===s.contentWindow&&(s.removeAttribute("style"),"height"===t.message?(1e3<(r=parseInt(t.value,10))?r=1e3:~~r<200&&(r=200),s.height=r):"link"===t.message&&(r=new URL(s.getAttribute("src")),n=new URL(t.value),c.test(n.protocol))&&n.host===r.host&&l.activeElement===s&&(d.top.location.href=t.value))}},d.addEventListener("message",d.wp.receiveEmbedMessage,!1),l.addEventListener("DOMContentLoaded",function(){for(var e,t,s=l.querySelectorAll("iframe.wp-embedded-content"),r=0;r<s.length;r++)(t=(e=s[r]).getAttribute("data-secret"))||(t=Math.random().toString(36).substring(2,12),e.src+="#?secret="+t,e.setAttribute("data-secret",t)),e.contentWindow.postMessage({message:"ready",secret:t},"*")},!1)))}(window,document);
/* ]]> */
</script>

Az Intel bemutatta új generációs processzorcsaládját a Haswellt. Nagyobb teljesítmény és kisebb fogyasztás jellemzi az új generációt. Az Intel gyakorlatilag egyeduralkodó a processzorok piacán. A régi nagy rivális, az AMD ugyan sikeres az olcsó netbookok szegmensében, azonban a komolyabb noteszgépek és asztali PC-k világában egyértelműen monopol helyzete van az Intelnek. Amiben viszont az AMD nagyot gurított az a grafikai teljesítmény, amit elirigyelve az Intel legfrissebb Haswell családjával erre, illetve a még jobb fogyasztásra koncentrál. Nyers teljesítményben nincs szégyenkeznivalója az előző generációs Intel Ivy Bridge processzoroknak, ám a játékgrafikák terén volt mit behoznia az AMD-hez képest. Az Intel sikerre vitte (ha szükséges volt pénzzel és erővel) az igen lapos, hosszú üzemidővel rendelkező kecses Ultrabookokat. A design szép volt, az akkuidő rendben,
