{"version":"1.0","provider_name":"MediaMarkt Magazin","provider_url":"https:\/\/hir.mediamarkt.hu\/magazin","title":"T\u00f6bbsz\u00e1z milli\u00f3 doll\u00e1ros pert vesztett az Apple - MediaMarkt Magazin","type":"rich","width":600,"height":338,"html":"<blockquote class=\"wp-embedded-content\" data-secret=\"oloxmPiSjQ\"><a href=\"https:\/\/hir.mediamarkt.hu\/magazin\/tobbszaz-millio-dollaros-pert-vesztett-az-apple\/\">T\u00f6bbsz\u00e1z milli\u00f3 doll\u00e1ros pert vesztett az Apple<\/a><\/blockquote><iframe sandbox=\"allow-scripts\" security=\"restricted\" src=\"https:\/\/hir.mediamarkt.hu\/magazin\/tobbszaz-millio-dollaros-pert-vesztett-az-apple\/embed\/#?secret=oloxmPiSjQ\" width=\"600\" height=\"338\" title=\"&#8220;T\u00f6bbsz\u00e1z milli\u00f3 doll\u00e1ros pert vesztett az Apple&#8221; &#8212; MediaMarkt Magazin\" data-secret=\"oloxmPiSjQ\" frameborder=\"0\" marginwidth=\"0\" marginheight=\"0\" scrolling=\"no\" class=\"wp-embedded-content\"><\/iframe><script type=\"text\/javascript\">\n\/* <![CDATA[ *\/\n\/*! This file is auto-generated *\/\n!function(d,l){\"use strict\";l.querySelector&&d.addEventListener&&\"undefined\"!=typeof URL&&(d.wp=d.wp||{},d.wp.receiveEmbedMessage||(d.wp.receiveEmbedMessage=function(e){var t=e.data;if((t||t.secret||t.message||t.value)&&!\/[^a-zA-Z0-9]\/.test(t.secret)){for(var s,r,n,a=l.querySelectorAll('iframe[data-secret=\"'+t.secret+'\"]'),o=l.querySelectorAll('blockquote[data-secret=\"'+t.secret+'\"]'),c=new RegExp(\"^https?:$\",\"i\"),i=0;i<o.length;i++)o[i].style.display=\"none\";for(i=0;i<a.length;i++)s=a[i],e.source===s.contentWindow&&(s.removeAttribute(\"style\"),\"height\"===t.message?(1e3<(r=parseInt(t.value,10))?r=1e3:~~r<200&&(r=200),s.height=r):\"link\"===t.message&&(r=new URL(s.getAttribute(\"src\")),n=new URL(t.value),c.test(n.protocol))&&n.host===r.host&&l.activeElement===s&&(d.top.location.href=t.value))}},d.addEventListener(\"message\",d.wp.receiveEmbedMessage,!1),l.addEventListener(\"DOMContentLoaded\",function(){for(var e,t,s=l.querySelectorAll(\"iframe.wp-embedded-content\"),r=0;r<s.length;r++)(t=(e=s[r]).getAttribute(\"data-secret\"))||(t=Math.random().toString(36).substring(2,12),e.src+=\"#?secret=\"+t,e.setAttribute(\"data-secret\",t)),e.contentWindow.postMessage({message:\"ready\",secret:t},\"*\")},!1)))}(window,document);\n\/* ]]> *\/\n<\/script>\n","thumbnail_url":"https:\/\/hir.mediamarkt.hu\/magazin\/wp-content\/uploads\/2015\/06\/appleantenna1.png","thumbnail_width":938,"thumbnail_height":626,"description":"Az Apple az ut\u00f3bbi \u00e9vekben szabadalmi pereivel is legal\u00e1bb akkora h\u00edrnevet szerzett, mint saj\u00e1t term\u00e9keivel. A f\u0151k\u00e9nt nagy riv\u00e1lisnak sz\u00e1m\u00edt\u00f3 Samsunggal folytatott csat\u00e1roz\u00e1sok mellett azonban akadnak olyan esetek, amikor a cupertinoi gy\u00e1rt\u00f3 szabadaloms\u00e9rt\u00e9sei ker\u00fclnek g\u00f3rcs\u0151 al\u00e1. Ilyen az a kereset is, melyet a Wisconsin Alumni Research Foundation adott be, s amelyben most els\u0151dleges d\u00f6nt\u00e9st is hozott a bir\u00f3s\u00e1g. A Wisconsini Egyetem szabadalmat v\u00e9d\u0151 szervezet a gy\u00e1rt\u00f3 A7, A8 \u00e9s A8X n\u00e9vvel illetett processzorait kifog\u00e1solta a peranyagban. A v\u00e1dirat szerint a 2013-2014 k\u00f6z\u00f6tti iPhone \u00e9s iPad modellekben (illetve az idei iPad Mini 4-ben) haszn\u00e1lt chipek egy az egyetem \u00e1ltal m\u00e1r 1998-ban oltalom al\u00e1 vett technol\u00f3gi\u00e1t haszn\u00e1ltak fel. A Reuters \u00e9rtes\u00fcl\u00e9sei szerint a k\u00f6vetkez\u0151 t\u00e1rgyal\u00e1sok sor\u00e1n arra pr\u00f3b\u00e1l a bir\u00f3s\u00e1g f\u00e9nyt der\u00edteni,"}

Többszáz millió dolláros pert vesztett az Apple - MediaMarkt Magazin

<blockquote class="wp-embedded-content" data-secret="oloxmPiSjQ"><a href="https://hir.mediamarkt.hu/magazin/tobbszaz-millio-dollaros-pert-vesztett-az-apple/">Többszáz millió dolláros pert vesztett az Apple</a></blockquote><iframe sandbox="allow-scripts" security="restricted" src="https://hir.mediamarkt.hu/magazin/tobbszaz-millio-dollaros-pert-vesztett-az-apple/embed/#?secret=oloxmPiSjQ" width="600" height="338" title="&#8220;Többszáz millió dolláros pert vesztett az Apple&#8221; &#8212; MediaMarkt Magazin" data-secret="oloxmPiSjQ" frameborder="0" marginwidth="0" marginheight="0" scrolling="no" class="wp-embedded-content"></iframe><script type="text/javascript">
/* <![CDATA[ */
/*! This file is auto-generated */
!function(d,l){"use strict";l.querySelector&&d.addEventListener&&"undefined"!=typeof URL&&(d.wp=d.wp||{},d.wp.receiveEmbedMessage||(d.wp.receiveEmbedMessage=function(e){var t=e.data;if((t||t.secret||t.message||t.value)&&!/[^a-zA-Z0-9]/.test(t.secret)){for(var s,r,n,a=l.querySelectorAll('iframe[data-secret="'+t.secret+'"]'),o=l.querySelectorAll('blockquote[data-secret="'+t.secret+'"]'),c=new RegExp("^https?:$","i"),i=0;i<o.length;i++)o[i].style.display="none";for(i=0;i<a.length;i++)s=a[i],e.source===s.contentWindow&&(s.removeAttribute("style"),"height"===t.message?(1e3<(r=parseInt(t.value,10))?r=1e3:~~r<200&&(r=200),s.height=r):"link"===t.message&&(r=new URL(s.getAttribute("src")),n=new URL(t.value),c.test(n.protocol))&&n.host===r.host&&l.activeElement===s&&(d.top.location.href=t.value))}},d.addEventListener("message",d.wp.receiveEmbedMessage,!1),l.addEventListener("DOMContentLoaded",function(){for(var e,t,s=l.querySelectorAll("iframe.wp-embedded-content"),r=0;r<s.length;r++)(t=(e=s[r]).getAttribute("data-secret"))||(t=Math.random().toString(36).substring(2,12),e.src+="#?secret="+t,e.setAttribute("data-secret",t)),e.contentWindow.postMessage({message:"ready",secret:t},"*")},!1)))}(window,document);
/* ]]> */
</script>

Az Apple az utóbbi években szabadalmi pereivel is legalább akkora hírnevet szerzett, mint saját termékeivel. A főként nagy riválisnak számító Samsunggal folytatott csatározások mellett azonban akadnak olyan esetek, amikor a cupertinoi gyártó szabadalomsértései kerülnek górcső alá. Ilyen az a kereset is, melyet a Wisconsin Alumni Research Foundation adott be, s amelyben most elsődleges döntést is hozott a biróság. A Wisconsini Egyetem szabadalmat védő szervezet a gyártó A7, A8 és A8X névvel illetett processzorait kifogásolta a peranyagban. A vádirat szerint a 2013-2014 közötti iPhone és iPad modellekben (illetve az idei iPad Mini 4-ben) használt chipek egy az egyetem által már 1998-ban oltalom alá vett technológiát használtak fel. A Reuters értesülései szerint a következő tárgyalások során arra próbál a biróság fényt deríteni,
